{"id":54174,"date":"2019-05-07T09:15:07","date_gmt":"2019-05-07T08:15:07","guid":{"rendered":"https:\/\/englishlane.net\/onlineskola\/?page_id=54174"},"modified":"2023-09-10T19:49:20","modified_gmt":"2023-09-10T17:49:20","slug":"kako-da-ucis-engleski-preko-interneta","status":"publish","type":"page","link":"https:\/\/englishlane.net\/onlineskola\/kako-da-ucis-engleski-preko-interneta\/","title":{"rendered":"Kako da u\u010di\u0161 engleski preko interneta (E-knjiga)"},"content":{"rendered":"<p>[et_pb_section fb_built=&#8221;1&#8243; _builder_version=&#8221;4.22.1&#8243; background_color=&#8221;#2690ae&#8221; min_height=&#8221;584px&#8221; custom_margin=&#8221;|||||&#8221; global_colors_info=&#8221;{}&#8221;][et_pb_row _builder_version=&#8221;4.16&#8243; custom_padding=&#8221;||0px|||&#8221; global_colors_info=&#8221;{}&#8221;][et_pb_column type=&#8221;4_4&#8243; _builder_version=&#8221;4.16&#8243; custom_padding=&#8221;|||&#8221; global_colors_info=&#8221;{}&#8221; custom_padding__hover=&#8221;|||&#8221;][et_pb_text _builder_version=&#8221;4.16&#8243; header_font=&#8221;Oswald||||||||&#8221; header_text_color=&#8221;#ffffff&#8221; header_font_size=&#8221;68px&#8221; header_line_height=&#8221;1.1em&#8221; header_font_size_tablet=&#8221;50px&#8221; header_font_size_phone=&#8221;30px&#8221; header_font_size_last_edited=&#8221;on|tablet&#8221; global_colors_info=&#8221;{}&#8221;]<\/p>\n<h1 data-css=\"tve-u-15e84cc475a\" style=\"text-align: center;\"><strong><span>Saznaj kako da <\/span><span data-css=\"tve-u-16253cbf1e6\" style=\"color: #ffb25d;\">u\u010di\u0161 engleski preko interneta\u00a0<\/span><\/strong><\/h1>\n<p>[\/et_pb_text][\/et_pb_column][\/et_pb_row][et_pb_row _builder_version=&#8221;4.22.1&#8243; _module_preset=&#8221;default&#8221; column_structure=&#8221;1_2,1_2&#8243;][et_pb_column _builder_version=&#8221;4.22.1&#8243; _module_preset=&#8221;default&#8221; type=&#8221;1_2&#8243;][et_pb_image src=&#8221;https:\/\/englishlane.net\/onlineskola\/wp-content\/uploads\/2019\/05\/EngleskiOnlajn-EBookCoverImage.png&#8221; align=&#8221;center&#8221; align_tablet=&#8221;center&#8221; align_phone=&#8221;&#8221; align_last_edited=&#8221;on|desktop&#8221; _builder_version=&#8221;4.22.1&#8243; global_colors_info=&#8221;{}&#8221;][\/et_pb_image][\/et_pb_column][et_pb_column _builder_version=&#8221;4.22.1&#8243; _module_preset=&#8221;default&#8221; type=&#8221;1_2&#8243;][et_pb_text _builder_version=&#8221;4.22.1&#8243; header_2_font=&#8221;||||||||&#8221; header_2_text_color=&#8221;#ffffff&#8221; header_2_font_size=&#8221;28px&#8221; hover_enabled=&#8221;0&#8243; global_colors_info=&#8221;{}&#8221; sticky_enabled=&#8221;0&#8243;]<\/p>\n<h1><\/h1>\n<h2><strong><i class=\"fas fa-check-circle\" style=\"color: #ffb25d;\"><\/i> Saveti sa u\u010denje engleskog<\/strong><\/h2>\n<h2><strong><i class=\"fas fa-check-circle\" style=\"color: #ffb25d;\"><\/i> Kalendar za planiranje u\u010denja<\/strong><\/h2>\n<h2><strong><i class=\"fas fa-check-circle\" style=\"color: #ffb25d;\"><\/i> 10 Lekcija koje prvo treba nau\u010diti<\/strong><\/h2>\n<h2><strong><i class=\"fas fa-check-circle\" style=\"color: #ffb25d;\"><\/i> Fraze u engleskom za po\u010detnike sa prevodom<\/strong><\/h2>\n<h2><strong><i class=\"fas fa-check-circle\" style=\"color: #ffb25d;\"><\/i> Plan za u\u010denje gramatike engleskog jezika<\/strong><\/h2>\n<p>[\/et_pb_text][\/et_pb_column][\/et_pb_row][\/et_pb_section][et_pb_section fb_built=&#8221;1&#8243; _builder_version=&#8221;4.22.1&#8243; background_color=&#8221;#F5F5F5&#8243; module_alignment=&#8221;center&#8221; global_colors_info=&#8221;{}&#8221;][et_pb_row _builder_version=&#8221;4.22.1&#8243; custom_padding=&#8221;0px|||||&#8221; global_colors_info=&#8221;{}&#8221;][et_pb_column type=&#8221;4_4&#8243; _builder_version=&#8221;4.16&#8243; custom_padding=&#8221;|||&#8221; global_colors_info=&#8221;{}&#8221; custom_padding__hover=&#8221;|||&#8221;][et_pb_text _builder_version=&#8221;4.16&#8243; custom_padding=&#8221;0px|||||&#8221; global_colors_info=&#8221;{}&#8221;]<\/p>\n<div class='_form_11'><\/div><script type='text\/javascript' src='https:\/\/englishlane.activehosted.com\/f\/embed.php?static=0&id=11&69D27CBC5E702&nostyles=0&preview=0'><\/script>\n<p>[\/et_pb_text][\/et_pb_column][\/et_pb_row][\/et_pb_section][et_pb_section fb_built=&#8221;1&#8243; _builder_version=&#8221;4.22.1&#8243; global_colors_info=&#8221;{}&#8221;][et_pb_row _builder_version=&#8221;4.22.1&#8243; global_colors_info=&#8221;{}&#8221;][et_pb_column type=&#8221;4_4&#8243; _builder_version=&#8221;4.16&#8243; custom_padding=&#8221;|||&#8221; global_colors_info=&#8221;{}&#8221; custom_padding__hover=&#8221;|||&#8221;][et_pb_text _builder_version=&#8221;4.16&#8243; header_font=&#8221;Oswald||||||||&#8221; header_font_size=&#8221;40px&#8221; global_colors_info=&#8221;{}&#8221;]<\/p>\n<h1 style=\"text-align: center;\">\u0160ta ka\u017eu polaznice English Lane \u0161kole:<\/h1>\n<p>[\/et_pb_text][\/et_pb_column][\/et_pb_row][et_pb_row _builder_version=&#8221;4.16&#8243; _module_preset=&#8221;default&#8221; locked=&#8221;off&#8221; global_colors_info=&#8221;{}&#8221;][et_pb_column type=&#8221;4_4&#8243; _builder_version=&#8221;4.16&#8243; _module_preset=&#8221;default&#8221; global_colors_info=&#8221;{}&#8221;][et_pb_text disabled_on=&#8221;off|off|off&#8221; _builder_version=&#8221;4.16&#8243; text_text_color=&#8221;#ffffff&#8221; header_2_text_color=&#8221;#ffffff&#8221; background_color=&#8221;#2690AE&#8221; custom_padding=&#8221;10px|10px|10px|10px|true|true&#8221; border_radii=&#8221;on|2px|2px|2px|2px&#8221; border_width_all=&#8221;3px&#8221; border_color_all=&#8221;#ffffff&#8221; locked=&#8221;off&#8221; global_colors_info=&#8221;{}&#8221;]<\/p>\n<h2 style=\"text-align: center;\"><strong>&#8220;Sada sam i sama iznenadjena kada vidim koliko sam napredovala.&#8221;<\/strong><\/h2>\n<p style=\"text-align: center;\">&#8220;\u010clan sam English Lane onlajn \u0161kole \u010detiri meseca i prezadovoljna sam. Po\u010dela sam sa malim predznanjem engleskog i nisam znala da sastavim skoro nijednu re\u010denicu. Sada sam i sama iznenadjena kada vidim koliko sam napredovala. Nastava je odli\u010dna zato \u0161to je prilagodjena po\u010detnicima i \u0161to sami odredjujemo vreme kad mo\u017eemo da u\u010dimo&#8230; Meni je sve to jako interesantno i u\u017eivam u u\u010denju! Zorana je sve to sjajno osmislila i sve preporuke od mene.&#8221;<\/p>\n<p style=\"text-align: center;\"><strong>&#8212; Divna<\/strong><\/p>\n<p>[\/et_pb_text][et_pb_image src=&#8221;https:\/\/englishlane.net\/onlineskola\/wp-content\/uploads\/2020\/10\/EL-Tem-01.png&#8221; title_text=&#8221;EL-Tem-01&#8243; align=&#8221;center&#8221; _builder_version=&#8221;4.16&#8243; _module_preset=&#8221;default&#8221; locked=&#8221;off&#8221; global_colors_info=&#8221;{}&#8221;][\/et_pb_image][et_pb_image src=&#8221;https:\/\/englishlane.net\/onlineskola\/wp-content\/uploads\/2020\/10\/EL-Tem-21.png&#8221; title_text=&#8221;EL-Tem-21&#8243; align=&#8221;center&#8221; _builder_version=&#8221;4.16&#8243; _module_preset=&#8221;default&#8221; locked=&#8221;off&#8221; global_colors_info=&#8221;{}&#8221;][\/et_pb_image][et_pb_image src=&#8221;https:\/\/englishlane.net\/onlineskola\/wp-content\/uploads\/2020\/10\/EL-Tem-02.png&#8221; title_text=&#8221;EL-Tem-02&#8243; align=&#8221;center&#8221; _builder_version=&#8221;4.16&#8243; _module_preset=&#8221;default&#8221; locked=&#8221;off&#8221; global_colors_info=&#8221;{}&#8221;][\/et_pb_image][et_pb_image src=&#8221;https:\/\/englishlane.net\/onlineskola\/wp-content\/uploads\/2020\/10\/EL-Tem-16.png&#8221; title_text=&#8221;EL-Tem-16&#8243; align=&#8221;center&#8221; _builder_version=&#8221;4.16&#8243; _module_preset=&#8221;default&#8221; locked=&#8221;off&#8221; global_colors_info=&#8221;{}&#8221;][\/et_pb_image][\/et_pb_column][\/et_pb_row][et_pb_row column_structure=&#8221;1_4,3_4&#8243; disabled_on=&#8221;on|on|on&#8221; _builder_version=&#8221;4.16&#8243; custom_margin=&#8221;|||||&#8221; disabled=&#8221;on&#8221; global_colors_info=&#8221;{}&#8221;][et_pb_column type=&#8221;1_4&#8243; _builder_version=&#8221;4.16&#8243; custom_padding=&#8221;|||&#8221; global_colors_info=&#8221;{}&#8221; custom_padding__hover=&#8221;|||&#8221;][et_pb_image src=&#8221;https:\/\/englishlane.net\/onlineskola\/wp-content\/uploads\/2019\/05\/femaleavatartest.jpg&#8221; align_tablet=&#8221;center&#8221; align_phone=&#8221;&#8221; align_last_edited=&#8221;on|desktop&#8221; _builder_version=&#8221;4.16&#8243; global_colors_info=&#8221;{}&#8221;][\/et_pb_image][\/et_pb_column][et_pb_column type=&#8221;3_4&#8243; _builder_version=&#8221;4.16&#8243; custom_padding=&#8221;|||&#8221; global_colors_info=&#8221;{}&#8221; custom_padding__hover=&#8221;|||&#8221;][et_pb_text _builder_version=&#8221;4.16&#8243; text_font=&#8221;Open Sans|300|||||||&#8221; text_font_size=&#8221;20px&#8221; text_line_height=&#8221;1.3em&#8221; header_font=&#8221;Oswald||||||||&#8221; header_font_size=&#8221;28px&#8221; header_line_height=&#8221;1.2em&#8221; custom_margin=&#8221;||3px|||&#8221; custom_padding=&#8221;15px|15px|15px|15px|true|true&#8221; border_width_all=&#8221;1px&#8221; border_color_all=&#8221;#e8e8e8&#8243; global_colors_info=&#8221;{}&#8221;]<\/p>\n<h1><strong>Vrlo mi je te\u0161ko da se organizujem i idem na \u010dasove engleskog zbog prirode posla kojim se bavim. <\/strong><\/h1>\n<p><em><\/em><\/p>\n<p><em>Odu\u0161evila sam se kada sam nai\u0161la na ovaj Klub jer imam priliku da u\u010dim engleski od ku\u0107e, uve\u010de kad zavr\u0161im sve obaveze. <\/em><\/p>\n<p><em>Ta fleksibilnost je ne\u0161to \u0161to mi najvi\u0161e odgovara a ujedno mi je i motiv, jer znam da \u0107u sti\u0107i da u\u010dim kad nadjem vremena.<\/em><\/p>\n<p>[\/et_pb_text][et_pb_text _builder_version=&#8221;4.16&#8243; header_font=&#8221;Oswald||||||||&#8221; header_font_size=&#8221;18px&#8221; custom_padding=&#8221;|||32px||&#8221; global_colors_info=&#8221;{}&#8221;]<\/p>\n<h1><span style=\"color: #ffb25d;\">MARIJA<\/span> <span style=\"color: #2690AE;\">&#8211; Beograd<\/span><\/h1>\n<p>[\/et_pb_text][\/et_pb_column][\/et_pb_row][et_pb_row column_structure=&#8221;3_4,1_4&#8243; disabled_on=&#8221;on|on|on&#8221; _builder_version=&#8221;4.16&#8243; custom_margin=&#8221;|||||&#8221; disabled=&#8221;on&#8221; global_colors_info=&#8221;{}&#8221;][et_pb_column type=&#8221;3_4&#8243; _builder_version=&#8221;4.16&#8243; custom_padding=&#8221;|||&#8221; global_colors_info=&#8221;{}&#8221; custom_padding__hover=&#8221;|||&#8221;][et_pb_text _builder_version=&#8221;4.16&#8243; text_font=&#8221;Open Sans|300|||||||&#8221; text_font_size=&#8221;20px&#8221; text_line_height=&#8221;1.3em&#8221; header_font=&#8221;Oswald||||||||&#8221; header_font_size=&#8221;28px&#8221; header_line_height=&#8221;1.2em&#8221; custom_margin=&#8221;||3px|||&#8221; custom_padding=&#8221;15px|15px|15px|15px|true|true&#8221; border_width_all=&#8221;1px&#8221; border_color_all=&#8221;#e8e8e8&#8243; global_colors_info=&#8221;{}&#8221;]<\/p>\n<h1><strong>Veoma mi odgovara koncept sajta. Na ovaj na\u010din se dobila sloboda izbora termina i samo je uvjet volja za u\u010denjem.<\/strong><\/h1>\n<p><em><\/em><\/p>\n<p><em>Najvi\u0161e mi poma\u017ee neograni\u010deno vje\u017ebanje na sajtu kao i \u010dasovi konverzacije koja i jeste jedan od bitnijih djelova sajta.<\/em>[\/et_pb_text][et_pb_text _builder_version=&#8221;4.16&#8243; header_font=&#8221;Oswald||||||||&#8221; header_font_size=&#8221;18px&#8221; custom_padding=&#8221;|||32px||&#8221; global_colors_info=&#8221;{}&#8221;]<\/p>\n<h1><span style=\"color: #ffb25d;\">TIBOR<\/span> <span style=\"color: #2690AE;\">&#8211; Sarajevo<\/span><\/h1>\n<p>[\/et_pb_text][\/et_pb_column][et_pb_column type=&#8221;1_4&#8243; _builder_version=&#8221;4.16&#8243; custom_padding=&#8221;|||&#8221; global_colors_info=&#8221;{}&#8221; custom_padding__hover=&#8221;|||&#8221;][et_pb_image src=&#8221;https:\/\/englishlane.net\/onlineskola\/wp-content\/uploads\/2019\/05\/maleavatartestim.jpg&#8221; align_tablet=&#8221;center&#8221; align_phone=&#8221;&#8221; align_last_edited=&#8221;on|desktop&#8221; _builder_version=&#8221;4.16&#8243; global_colors_info=&#8221;{}&#8221;][\/et_pb_image][\/et_pb_column][\/et_pb_row][\/et_pb_section]<\/p>\n","protected":false},"excerpt":{"rendered":"<p>Saznaj kako da u\u010di\u0161 engleski preko interneta\u00a0 Saveti sa u\u010denje engleskog Kalendar za planiranje u\u010denja 10 Lekcija koje prvo treba nau\u010diti Fraze u engleskom za po\u010detnike sa prevodom Plan za u\u010denje gramatike engleskog jezika<div class='_form_11'><\/div><script type='text\/javascript' src='https:\/\/englishlane.activehosted.com\/f\/embed.php?static=0&id=11&69D27CBC671DB&nostyles=0&preview=0'><\/script>\u0160ta ka\u017eu polaznice English Lane \u0161kole:&#8221;Sada sam i sama iznenadjena kada vidim koliko sam napredovala.&#8221; &#8220;\u010clan sam English Lane onlajn \u0161kole [&hellip;]<\/p>\n","protected":false},"author":1,"featured_media":54250,"parent":0,"menu_order":0,"comment_status":"closed","ping_status":"closed","template":"","meta":{"_et_pb_use_builder":"on","_et_pb_old_content":"","_et_gb_content_width":"","footnotes":""},"class_list":["post-54174","page","type-page","status-publish","has-post-thumbnail","hentry"],"yoast_head":"<!-- This site is optimized with the Yoast SEO plugin v27.3 - https:\/\/yoast.com\/product\/yoast-seo-wordpress\/ -->\n<title>Kako da u\u010di\u0161 engleski preko interneta (E-knjiga) - English Lane Online \u0160kola Engleskog<\/title>\n<meta name=\"robots\" content=\"index, follow, max-snippet:-1, max-image-preview:large, max-video-preview:-1\" \/>\n<link rel=\"canonical\" href=\"https:\/\/englishlane.net\/onlineskola\/kako-da-ucis-engleski-preko-interneta\/\" \/>\n<meta property=\"og:locale\" content=\"en_US\" \/>\n<meta property=\"og:type\" content=\"article\" \/>\n<meta property=\"og:title\" content=\"Kako da u\u010di\u0161 engleski preko interneta (E-knjiga) - English Lane Online \u0160kola Engleskog\" \/>\n<meta property=\"og:description\" content=\"Saznaj kako da u\u010di\u0161 engleski preko interneta\u00a0 Saveti sa u\u010denje engleskog Kalendar za planiranje u\u010denja 10 Lekcija koje prvo treba nau\u010diti Fraze u engleskom za po\u010detnike sa prevodom Plan za u\u010denje gramatike engleskog jezika\u0160ta ka\u017eu polaznice English Lane \u0161kole:&quot;Sada sam i sama iznenadjena kada vidim koliko sam napredovala.&quot; &quot;\u010clan sam English Lane onlajn \u0161kole [&hellip;]\" \/>\n<meta property=\"og:url\" content=\"https:\/\/englishlane.net\/onlineskola\/kako-da-ucis-engleski-preko-interneta\/\" \/>\n<meta property=\"og:site_name\" content=\"English Lane Online \u0160kola Engleskog\" \/>\n<meta property=\"article:modified_time\" content=\"2023-09-10T17:49:20+00:00\" \/>\n<meta property=\"og:image\" content=\"https:\/\/englishlane.net\/onlineskola\/wp-content\/uploads\/2019\/05\/EngleskiOnlajn-EBookCoverImage.png\" \/>\n\t<meta property=\"og:image:width\" content=\"971\" \/>\n\t<meta property=\"og:image:height\" content=\"941\" \/>\n\t<meta property=\"og:image:type\" content=\"image\/png\" \/>\n<meta name=\"twitter:card\" content=\"summary_large_image\" \/>\n<meta name=\"twitter:label1\" content=\"Est. reading time\" \/>\n\t<meta name=\"twitter:data1\" content=\"2 minutes\" \/>\n<script type=\"application\/ld+json\" class=\"yoast-schema-graph\">{\"@context\":\"https:\\\/\\\/schema.org\",\"@graph\":[{\"@type\":\"WebPage\",\"@id\":\"https:\\\/\\\/englishlane.net\\\/onlineskola\\\/kako-da-ucis-engleski-preko-interneta\\\/\",\"url\":\"https:\\\/\\\/englishlane.net\\\/onlineskola\\\/kako-da-ucis-engleski-preko-interneta\\\/\",\"name\":\"Kako da u\u010di\u0161 engleski preko interneta (E-knjiga) - English Lane Online \u0160kola Engleskog\",\"isPartOf\":{\"@id\":\"https:\\\/\\\/englishlane.net\\\/onlineskola\\\/#website\"},\"primaryImageOfPage\":{\"@id\":\"https:\\\/\\\/englishlane.net\\\/onlineskola\\\/kako-da-ucis-engleski-preko-interneta\\\/#primaryimage\"},\"image\":{\"@id\":\"https:\\\/\\\/englishlane.net\\\/onlineskola\\\/kako-da-ucis-engleski-preko-interneta\\\/#primaryimage\"},\"thumbnailUrl\":\"https:\\\/\\\/englishlane.net\\\/onlineskola\\\/wp-content\\\/uploads\\\/2019\\\/05\\\/EngleskiOnlajn-EBookCoverImage.png\",\"datePublished\":\"2019-05-07T08:15:07+00:00\",\"dateModified\":\"2023-09-10T17:49:20+00:00\",\"breadcrumb\":{\"@id\":\"https:\\\/\\\/englishlane.net\\\/onlineskola\\\/kako-da-ucis-engleski-preko-interneta\\\/#breadcrumb\"},\"inLanguage\":\"en-US\",\"potentialAction\":[{\"@type\":\"ReadAction\",\"target\":[\"https:\\\/\\\/englishlane.net\\\/onlineskola\\\/kako-da-ucis-engleski-preko-interneta\\\/\"]}]},{\"@type\":\"ImageObject\",\"inLanguage\":\"en-US\",\"@id\":\"https:\\\/\\\/englishlane.net\\\/onlineskola\\\/kako-da-ucis-engleski-preko-interneta\\\/#primaryimage\",\"url\":\"https:\\\/\\\/englishlane.net\\\/onlineskola\\\/wp-content\\\/uploads\\\/2019\\\/05\\\/EngleskiOnlajn-EBookCoverImage.png\",\"contentUrl\":\"https:\\\/\\\/englishlane.net\\\/onlineskola\\\/wp-content\\\/uploads\\\/2019\\\/05\\\/EngleskiOnlajn-EBookCoverImage.png\",\"width\":971,\"height\":941},{\"@type\":\"BreadcrumbList\",\"@id\":\"https:\\\/\\\/englishlane.net\\\/onlineskola\\\/kako-da-ucis-engleski-preko-interneta\\\/#breadcrumb\",\"itemListElement\":[{\"@type\":\"ListItem\",\"position\":1,\"name\":\"Home\",\"item\":\"https:\\\/\\\/englishlane.net\\\/onlineskola\\\/\"},{\"@type\":\"ListItem\",\"position\":2,\"name\":\"Kako da u\u010di\u0161 engleski preko interneta (E-knjiga)\"}]},{\"@type\":\"WebSite\",\"@id\":\"https:\\\/\\\/englishlane.net\\\/onlineskola\\\/#website\",\"url\":\"https:\\\/\\\/englishlane.net\\\/onlineskola\\\/\",\"name\":\"English Lane Online \u0160kola Engleskog\",\"description\":\"\",\"publisher\":{\"@id\":\"https:\\\/\\\/englishlane.net\\\/onlineskola\\\/#organization\"},\"potentialAction\":[{\"@type\":\"SearchAction\",\"target\":{\"@type\":\"EntryPoint\",\"urlTemplate\":\"https:\\\/\\\/englishlane.net\\\/onlineskola\\\/?s={search_term_string}\"},\"query-input\":{\"@type\":\"PropertyValueSpecification\",\"valueRequired\":true,\"valueName\":\"search_term_string\"}}],\"inLanguage\":\"en-US\"},{\"@type\":\"Organization\",\"@id\":\"https:\\\/\\\/englishlane.net\\\/onlineskola\\\/#organization\",\"name\":\"English Lane \u0160kola\",\"url\":\"https:\\\/\\\/englishlane.net\\\/onlineskola\\\/\",\"logo\":{\"@type\":\"ImageObject\",\"inLanguage\":\"en-US\",\"@id\":\"https:\\\/\\\/englishlane.net\\\/onlineskola\\\/#\\\/schema\\\/logo\\\/image\\\/\",\"url\":\"https:\\\/\\\/englishlane.net\\\/onlineskola\\\/wp-content\\\/uploads\\\/2018\\\/11\\\/w-logo-el-e1542373134345.png\",\"contentUrl\":\"https:\\\/\\\/englishlane.net\\\/onlineskola\\\/wp-content\\\/uploads\\\/2018\\\/11\\\/w-logo-el-e1542373134345.png\",\"width\":360,\"height\":81,\"caption\":\"English Lane \u0160kola\"},\"image\":{\"@id\":\"https:\\\/\\\/englishlane.net\\\/onlineskola\\\/#\\\/schema\\\/logo\\\/image\\\/\"}}]}<\/script>\n<!-- \/ Yoast SEO plugin. -->","yoast_head_json":{"title":"Kako da u\u010di\u0161 engleski preko interneta (E-knjiga) - English Lane Online \u0160kola Engleskog","robots":{"index":"index","follow":"follow","max-snippet":"max-snippet:-1","max-image-preview":"max-image-preview:large","max-video-preview":"max-video-preview:-1"},"canonical":"https:\/\/englishlane.net\/onlineskola\/kako-da-ucis-engleski-preko-interneta\/","og_locale":"en_US","og_type":"article","og_title":"Kako da u\u010di\u0161 engleski preko interneta (E-knjiga) - English Lane Online \u0160kola Engleskog","og_description":"Saznaj kako da u\u010di\u0161 engleski preko interneta\u00a0 Saveti sa u\u010denje engleskog Kalendar za planiranje u\u010denja 10 Lekcija koje prvo treba nau\u010diti Fraze u engleskom za po\u010detnike sa prevodom Plan za u\u010denje gramatike engleskog jezika\u0160ta ka\u017eu polaznice English Lane \u0161kole:\"Sada sam i sama iznenadjena kada vidim koliko sam napredovala.\" \"\u010clan sam English Lane onlajn \u0161kole [&hellip;]","og_url":"https:\/\/englishlane.net\/onlineskola\/kako-da-ucis-engleski-preko-interneta\/","og_site_name":"English Lane Online \u0160kola Engleskog","article_modified_time":"2023-09-10T17:49:20+00:00","og_image":[{"width":971,"height":941,"url":"https:\/\/englishlane.net\/onlineskola\/wp-content\/uploads\/2019\/05\/EngleskiOnlajn-EBookCoverImage.png","type":"image\/png"}],"twitter_card":"summary_large_image","twitter_misc":{"Est. reading time":"2 minutes"},"schema":{"@context":"https:\/\/schema.org","@graph":[{"@type":"WebPage","@id":"https:\/\/englishlane.net\/onlineskola\/kako-da-ucis-engleski-preko-interneta\/","url":"https:\/\/englishlane.net\/onlineskola\/kako-da-ucis-engleski-preko-interneta\/","name":"Kako da u\u010di\u0161 engleski preko interneta (E-knjiga) - English Lane Online \u0160kola Engleskog","isPartOf":{"@id":"https:\/\/englishlane.net\/onlineskola\/#website"},"primaryImageOfPage":{"@id":"https:\/\/englishlane.net\/onlineskola\/kako-da-ucis-engleski-preko-interneta\/#primaryimage"},"image":{"@id":"https:\/\/englishlane.net\/onlineskola\/kako-da-ucis-engleski-preko-interneta\/#primaryimage"},"thumbnailUrl":"https:\/\/englishlane.net\/onlineskola\/wp-content\/uploads\/2019\/05\/EngleskiOnlajn-EBookCoverImage.png","datePublished":"2019-05-07T08:15:07+00:00","dateModified":"2023-09-10T17:49:20+00:00","breadcrumb":{"@id":"https:\/\/englishlane.net\/onlineskola\/kako-da-ucis-engleski-preko-interneta\/#breadcrumb"},"inLanguage":"en-US","potentialAction":[{"@type":"ReadAction","target":["https:\/\/englishlane.net\/onlineskola\/kako-da-ucis-engleski-preko-interneta\/"]}]},{"@type":"ImageObject","inLanguage":"en-US","@id":"https:\/\/englishlane.net\/onlineskola\/kako-da-ucis-engleski-preko-interneta\/#primaryimage","url":"https:\/\/englishlane.net\/onlineskola\/wp-content\/uploads\/2019\/05\/EngleskiOnlajn-EBookCoverImage.png","contentUrl":"https:\/\/englishlane.net\/onlineskola\/wp-content\/uploads\/2019\/05\/EngleskiOnlajn-EBookCoverImage.png","width":971,"height":941},{"@type":"BreadcrumbList","@id":"https:\/\/englishlane.net\/onlineskola\/kako-da-ucis-engleski-preko-interneta\/#breadcrumb","itemListElement":[{"@type":"ListItem","position":1,"name":"Home","item":"https:\/\/englishlane.net\/onlineskola\/"},{"@type":"ListItem","position":2,"name":"Kako da u\u010di\u0161 engleski preko interneta (E-knjiga)"}]},{"@type":"WebSite","@id":"https:\/\/englishlane.net\/onlineskola\/#website","url":"https:\/\/englishlane.net\/onlineskola\/","name":"English Lane Online \u0160kola Engleskog","description":"","publisher":{"@id":"https:\/\/englishlane.net\/onlineskola\/#organization"},"potentialAction":[{"@type":"SearchAction","target":{"@type":"EntryPoint","urlTemplate":"https:\/\/englishlane.net\/onlineskola\/?s={search_term_string}"},"query-input":{"@type":"PropertyValueSpecification","valueRequired":true,"valueName":"search_term_string"}}],"inLanguage":"en-US"},{"@type":"Organization","@id":"https:\/\/englishlane.net\/onlineskola\/#organization","name":"English Lane \u0160kola","url":"https:\/\/englishlane.net\/onlineskola\/","logo":{"@type":"ImageObject","inLanguage":"en-US","@id":"https:\/\/englishlane.net\/onlineskola\/#\/schema\/logo\/image\/","url":"https:\/\/englishlane.net\/onlineskola\/wp-content\/uploads\/2018\/11\/w-logo-el-e1542373134345.png","contentUrl":"https:\/\/englishlane.net\/onlineskola\/wp-content\/uploads\/2018\/11\/w-logo-el-e1542373134345.png","width":360,"height":81,"caption":"English Lane \u0160kola"},"image":{"@id":"https:\/\/englishlane.net\/onlineskola\/#\/schema\/logo\/image\/"}}]}},"_links":{"self":[{"href":"https:\/\/englishlane.net\/onlineskola\/wp-json\/wp\/v2\/pages\/54174","targetHints":{"allow":["GET"]}}],"collection":[{"href":"https:\/\/englishlane.net\/onlineskola\/wp-json\/wp\/v2\/pages"}],"about":[{"href":"https:\/\/englishlane.net\/onlineskola\/wp-json\/wp\/v2\/types\/page"}],"author":[{"embeddable":true,"href":"https:\/\/englishlane.net\/onlineskola\/wp-json\/wp\/v2\/users\/1"}],"replies":[{"embeddable":true,"href":"https:\/\/englishlane.net\/onlineskola\/wp-json\/wp\/v2\/comments?post=54174"}],"version-history":[{"count":43,"href":"https:\/\/englishlane.net\/onlineskola\/wp-json\/wp\/v2\/pages\/54174\/revisions"}],"predecessor-version":[{"id":65727,"href":"https:\/\/englishlane.net\/onlineskola\/wp-json\/wp\/v2\/pages\/54174\/revisions\/65727"}],"wp:featuredmedia":[{"embeddable":true,"href":"https:\/\/englishlane.net\/onlineskola\/wp-json\/wp\/v2\/media\/54250"}],"wp:attachment":[{"href":"https:\/\/englishlane.net\/onlineskola\/wp-json\/wp\/v2\/media?parent=54174"}],"curies":[{"name":"wp","href":"https:\/\/api.w.org\/{rel}","templated":true}]}}