{"id":59312,"date":"2021-09-20T22:04:30","date_gmt":"2021-09-20T20:04:30","guid":{"rendered":"https:\/\/englishlane.net\/onlineskola\/?page_id=59312"},"modified":"2022-06-24T14:28:11","modified_gmt":"2022-06-24T12:28:11","slug":"work-with-us","status":"publish","type":"page","link":"https:\/\/englishlane.net\/onlineskola\/work-with-us\/","title":{"rendered":"Postani deo na\u0161eg tima"},"content":{"rendered":"<p>[et_pb_section fb_built=&#8221;1&#8243; _builder_version=&#8221;4.16&#8243; _module_preset=&#8221;default&#8221; custom_margin=&#8221;||||true|false&#8221; custom_padding=&#8221;0px|||||&#8221; global_colors_info=&#8221;{}&#8221;][et_pb_row _builder_version=&#8221;4.16&#8243; _module_preset=&#8221;default&#8221; global_colors_info=&#8221;{}&#8221;][et_pb_column type=&#8221;4_4&#8243; _builder_version=&#8221;4.16&#8243; _module_preset=&#8221;default&#8221; global_colors_info=&#8221;{}&#8221;][et_pb_text _builder_version=&#8221;4.16&#8243; header_font=&#8221;Oswald|700||on|||||&#8221; header_text_align=&#8221;center&#8221; header_text_color=&#8221;#FFA036&#8243; header_font_size=&#8221;36px&#8221; header_2_font=&#8221;||||||||&#8221; header_2_text_color=&#8221;#E3613F&#8221; header_4_font=&#8221;Oswald|700||on|||||&#8221; header_4_text_align=&#8221;center&#8221; header_4_text_color=&#8221;#2690ae&#8221; header_4_font_size=&#8221;36px&#8221; header_4_line_height=&#8221;1.2em&#8221; header_font_size_tablet=&#8221;&#8221; header_font_size_phone=&#8221;&#8221; header_font_size_last_edited=&#8221;on|phone&#8221; header_line_height_tablet=&#8221;&#8221; header_line_height_phone=&#8221;1.2em&#8221; header_line_height_last_edited=&#8221;on|phone&#8221; header_4_font_size_tablet=&#8221;&#8221; header_4_font_size_phone=&#8221;&#8221; header_4_font_size_last_edited=&#8221;on|phone&#8221; locked=&#8221;off&#8221; global_colors_info=&#8221;{}&#8221;]<\/p>\n<h4>\u017deli\u0161 da bude\u0161 deo na\u0161eg tima?<\/h4>\n<p>[\/et_pb_text][et_pb_text _builder_version=&#8221;4.16&#8243; text_font=&#8221;Open Sans||||||||&#8221; text_text_color=&#8221;#3C3642&#8243; text_line_height=&#8221;1.4em&#8221; header_2_font=&#8221;||||||||&#8221; text_font_size_tablet=&#8221;24px&#8221; text_font_size_phone=&#8221;18px&#8221; text_font_size_last_edited=&#8221;on|tablet&#8221; locked=&#8221;off&#8221; global_colors_info=&#8221;{}&#8221;]<\/p>\n<p style=\"text-align: center;\"><strong>English Lane je specijalizovana onlajn \u0161kola za u\u010denje engleskog jezika sa sedi\u0161tem u Beogradu.<\/strong><\/p>\n<p style=\"text-align: center;\">English Lane \u0161kola je aktivna zajednica onih koji vole da u\u010de engleski od ku\u0107e. U na\u0161oj onlajn u\u010dionici omogu\u0107avamo na\u0161im polaznicima da nau\u010de jezik uz originalne programe, kurseve, u\u017eivo \u010dasove i radionice kao i podr\u0161ku profesora.<\/p>\n<p style=\"text-align: center;\">Kao \u010dlan tima ima\u0107e\u0161 mogu\u0107nost da zaista napravi\u0161 razliku i doprinese\u0161 na\u0161oj misiji menjanja \u017eivota polaznicima kroz kvalitetnu onlajn edukaciju engleskog jezika.<\/p>\n<p style=\"text-align: center;\"><strong>Pridru\u017ei se na\u0161em timu!<\/strong><\/p>\n<p style=\"text-align: center;\">[\/et_pb_text][et_pb_text _builder_version=&#8221;4.17.4&#8243; header_font=&#8221;Oswald|700||on|||||&#8221; header_text_align=&#8221;center&#8221; header_text_color=&#8221;#FFA036&#8243; header_font_size=&#8221;36px&#8221; header_2_font=&#8221;||||||||&#8221; header_2_text_color=&#8221;#e09900&#8243; header_3_font=&#8221;Oswald|700||on|||||&#8221; header_3_text_align=&#8221;center&#8221; header_3_text_color=&#8221;#3d3642&#8243; header_3_font_size=&#8221;36px&#8221; header_3_line_height=&#8221;1.1em&#8221; header_5_font_size=&#8221;18px&#8221; hover_enabled=&#8221;0&#8243; header_font_size_tablet=&#8221;&#8221; header_font_size_phone=&#8221;&#8221; header_font_size_last_edited=&#8221;on|desktop&#8221; header_line_height_tablet=&#8221;&#8221; header_line_height_phone=&#8221;1.2em&#8221; header_line_height_last_edited=&#8221;on|phone&#8221; header_3_font_size_tablet=&#8221;&#8221; header_3_font_size_phone=&#8221;&#8221; header_3_font_size_last_edited=&#8221;on|desktop&#8221; header_4_font_size_tablet=&#8221;&#8221; header_4_font_size_phone=&#8221;&#8221; header_4_font_size_last_edited=&#8221;on|desktop&#8221; header_5_font_size_tablet=&#8221;&#8221; header_5_font_size_phone=&#8221;&#8221; header_5_font_size_last_edited=&#8221;on|phone&#8221; locked=&#8221;off&#8221; global_colors_info=&#8221;{}&#8221; sticky_enabled=&#8221;0&#8243;]<\/p>\n<h3 style=\"text-align: center;\">TRENUTNO NEMA OTVORENIH POZICIJA<\/h3>\n<p style=\"text-align: center;\">Svoj CV mo\u017ee\u0161 poslati na <a href=\"mailto:posao@englishlane.net\">posao@englishlane.net<\/a><\/p>\n<p>[\/et_pb_text][et_pb_text disabled_on=&#8221;on|on|on&#8221; _builder_version=&#8221;4.17.4&#8243; header_font=&#8221;Oswald|700||on|||||&#8221; header_text_align=&#8221;center&#8221; header_text_color=&#8221;#FFA036&#8243; header_font_size=&#8221;36px&#8221; header_2_font=&#8221;||||||||&#8221; header_2_text_color=&#8221;#e09900&#8243; header_3_font=&#8221;Oswald|700||on|||||&#8221; header_3_text_align=&#8221;center&#8221; header_3_text_color=&#8221;#3d3642&#8243; header_3_font_size=&#8221;36px&#8221; header_3_line_height=&#8221;1.1em&#8221; header_5_font_size=&#8221;18px&#8221; header_font_size_tablet=&#8221;&#8221; header_font_size_phone=&#8221;&#8221; header_font_size_last_edited=&#8221;on|desktop&#8221; header_line_height_tablet=&#8221;&#8221; header_line_height_phone=&#8221;1.2em&#8221; header_line_height_last_edited=&#8221;on|phone&#8221; header_3_font_size_tablet=&#8221;&#8221; header_3_font_size_phone=&#8221;&#8221; header_3_font_size_last_edited=&#8221;on|desktop&#8221; header_4_font_size_tablet=&#8221;&#8221; header_4_font_size_phone=&#8221;&#8221; header_4_font_size_last_edited=&#8221;on|desktop&#8221; header_5_font_size_tablet=&#8221;&#8221; header_5_font_size_phone=&#8221;&#8221; header_5_font_size_last_edited=&#8221;on|phone&#8221; disabled=&#8221;on&#8221; locked=&#8221;off&#8221; global_colors_info=&#8221;{}&#8221;]<\/p>\n<h3 style=\"text-align: center;\">OTVORENE POZICIJE ZA ZAPOSLENJE<\/h3>\n<h5 style=\"text-align: center;\"><strong>Klikni ispod da sazna\u0161 vi\u0161e o otvorenim pozicijama i da se prijavi\u0161.<\/strong><\/h5>\n<p>[\/et_pb_text][et_pb_cta title=&#8221;English teaching assistant&#8221; button_url=&#8221;https:\/\/englishlane.net\/onlineskola\/open-eta-position\/&#8221; button_text=&#8221;SAZNAJ VI\u0160E&#8221; disabled_on=&#8221;on|on|on&#8221; _builder_version=&#8221;4.17.4&#8243; _module_preset=&#8221;default&#8221; header_font=&#8221;|700|||||||&#8221; header_text_color=&#8221;#3d3642&#8243; header_line_height=&#8221;1.1em&#8221; body_text_color=&#8221;#3d3642&#8243; background_color=&#8221;#f7f8fc&#8221; custom_button=&#8221;on&#8221; button_text_color=&#8221;#FFFFFF&#8221; button_bg_color=&#8221;#2690ae&#8221; button_border_color=&#8221;RGBA(0,0,0,0)&#8221; button_font=&#8221;|700|||||||&#8221; button_icon=&#8221;&#x45;||divi||400&#8243; button_on_hover=&#8221;off&#8221; custom_padding=&#8221;25px||25px||true|false&#8221; box_shadow_style=&#8221;preset1&#8243; disabled=&#8221;on&#8221; global_colors_info=&#8221;{}&#8221;]<\/p>\n<p><em>Ova pozicija je trenutno otvorena za prijave.<\/em><\/p>\n<p>[\/et_pb_cta][\/et_pb_column][\/et_pb_row][\/et_pb_section][et_pb_section fb_built=&#8221;1&#8243; disabled_on=&#8221;on|on|on&#8221; admin_label=&#8221;Footer&#8221; _builder_version=&#8221;4.17.4&#8243; background_color=&#8221;#f7f8fc&#8221; custom_margin=&#8221;||||true|false&#8221; custom_padding=&#8221;35px|0px|60px|0px||&#8221; animation_style=&#8221;zoom&#8221; animation_direction=&#8221;bottom&#8221; animation_intensity_zoom=&#8221;6%&#8221; animation_starting_opacity=&#8221;100%&#8221; disabled=&#8221;on&#8221; saved_tabs=&#8221;all&#8221; locked=&#8221;off&#8221; global_colors_info=&#8221;{}&#8221;][et_pb_row _builder_version=&#8221;4.16&#8243; custom_padding=&#8221;0px||0px|||&#8221; locked=&#8221;off&#8221; global_colors_info=&#8221;{}&#8221;][et_pb_column type=&#8221;4_4&#8243; _builder_version=&#8221;4.16&#8243; global_colors_info=&#8221;{}&#8221;][et_pb_text _builder_version=&#8221;4.16&#8243; header_font=&#8221;|700||on|||||&#8221; header_text_color=&#8221;#2983a4&#8243; custom_padding=&#8221;||0px|||&#8221; global_colors_info=&#8221;{}&#8221;]<\/p>\n<h1 style=\"text-align: center;\">NUDIMO<\/h1>\n<p>[\/et_pb_text][\/et_pb_column][\/et_pb_row][et_pb_row column_structure=&#8221;1_3,1_3,1_3&#8243; _builder_version=&#8221;4.16&#8243; custom_padding=&#8221;0px||0px|||&#8221; locked=&#8221;off&#8221; global_colors_info=&#8221;{}&#8221;][et_pb_column type=&#8221;1_3&#8243; _builder_version=&#8221;4.16&#8243; custom_padding=&#8221;|||&#8221; global_colors_info=&#8221;{}&#8221; custom_padding__hover=&#8221;|||&#8221;][et_pb_blurb use_icon=&#8221;on&#8221; font_icon=&#8221;&#xe007;||divi||400&#8243; icon_color=&#8221;#FF9F36&#8243; icon_placement=&#8221;left&#8221; _builder_version=&#8221;4.16&#8243; header_font=&#8221;|on|||&#8221; header_text_color=&#8221;#2e2545&#8243; body_text_color=&#8221;#8585bd&#8221; custom_margin=&#8221;||0px|&#8221; custom_padding=&#8221;20px||20px|&#8221; animation_direction=&#8221;left&#8221; locked=&#8221;off&#8221; global_colors_info=&#8221;{}&#8221;]Sjajnu sredinu i udobnu kancelariju za rad kao i podsticaj da se razvija\u0161 profesionalno.<br \/>\n[\/et_pb_blurb][\/et_pb_column][et_pb_column type=&#8221;1_3&#8243; _builder_version=&#8221;4.16&#8243; custom_padding=&#8221;|||&#8221; global_colors_info=&#8221;{}&#8221; custom_padding__hover=&#8221;|||&#8221;][et_pb_blurb use_icon=&#8221;on&#8221; font_icon=&#8221;&#x7d;||divi||400&#8243; icon_color=&#8221;#FF9F36&#8243; icon_placement=&#8221;left&#8221; _builder_version=&#8221;4.16&#8243; header_font=&#8221;|on|||&#8221; header_text_color=&#8221;#2e2545&#8243; body_text_color=&#8221;#8585bd&#8221; custom_margin=&#8221;||0px|&#8221; custom_padding=&#8221;20px||20px|&#8221; animation_direction=&#8221;left&#8221; locked=&#8221;off&#8221; global_colors_info=&#8221;{}&#8221;]Zaposlenje sa punim radnim vremenom, doprinose i zdravstveno osiguranje.<br \/>\n[\/et_pb_blurb][\/et_pb_column][et_pb_column type=&#8221;1_3&#8243; _builder_version=&#8221;4.16&#8243; custom_padding=&#8221;|||&#8221; global_colors_info=&#8221;{}&#8221; custom_padding__hover=&#8221;|||&#8221;][et_pb_blurb use_icon=&#8221;on&#8221; font_icon=&#8221;&#xe106;||divi||400&#8243; icon_color=&#8221;#FF9F36&#8243; icon_placement=&#8221;left&#8221; _builder_version=&#8221;4.16&#8243; header_font=&#8221;|on|||&#8221; header_text_color=&#8221;#2e2545&#8243; body_text_color=&#8221;#8585bd&#8221; custom_margin=&#8221;||0px|&#8221; custom_padding=&#8221;20px||20px|&#8221; animation_direction=&#8221;left&#8221; locked=&#8221;off&#8221; global_colors_info=&#8221;{}&#8221;]<\/p>\n<p><span>Stabilno zaposlenje kao i mogu\u0107nost da se usavr\u0161ava\u0161 i napreduje\u0161.<\/span><\/p>\n<p>[\/et_pb_blurb][\/et_pb_column][\/et_pb_row][et_pb_row column_structure=&#8221;1_2,1_2&#8243; _builder_version=&#8221;4.16&#8243; background_size=&#8221;initial&#8221; background_position=&#8221;top_left&#8221; background_repeat=&#8221;repeat&#8221; custom_padding=&#8221;0px|0px|0px|0px||&#8221; global_colors_info=&#8221;{}&#8221;][et_pb_column type=&#8221;1_2&#8243; _builder_version=&#8221;4.16&#8243; custom_padding=&#8221;|||&#8221; global_colors_info=&#8221;{}&#8221; custom_padding__hover=&#8221;|||&#8221;][et_pb_blurb title=&#8221;\u0160ta je English Lane?&#8221; url=&#8221;#&#8221; use_icon=&#8221;on&#8221; font_icon=&#8221;&#xe064;||divi||400&#8243; icon_placement=&#8221;left&#8221; content_max_width=&#8221;1100px&#8221; _builder_version=&#8221;4.16&#8243; header_font=&#8221;|on|||&#8221; header_text_color=&#8221;#0B799D&#8221; header_line_height=&#8221;1.5em&#8221; body_text_color=&#8221;#8585bd&#8221; body_line_height=&#8221;1.9em&#8221; background_color=&#8221;#ffffff&#8221; custom_margin=&#8221;||||false|false&#8221; custom_padding=&#8221;30px|40px|30px|40px&#8221; animation_direction=&#8221;bottom&#8221; box_shadow_style=&#8221;preset2&#8243; box_shadow_horizontal=&#8221;0px&#8221; box_shadow_vertical=&#8221;0px&#8221; box_shadow_blur=&#8221;60px&#8221; box_shadow_color=&#8221;rgba(71,74,182,0.12)&#8221; locked=&#8221;off&#8221; global_colors_info=&#8221;{}&#8221;]English Lane onlajn \u0161kola engleskog jezika. <a href=\"https:\/\/englishlane.net\/onlineskola\/\">Klikni ovde da sazna\u0161 vi\u0161e o \u0161koli<\/a>.<br \/>\n[\/et_pb_blurb][\/et_pb_column][et_pb_column type=&#8221;1_2&#8243; _builder_version=&#8221;4.16&#8243; custom_padding=&#8221;|||&#8221; global_colors_info=&#8221;{}&#8221; custom_padding__hover=&#8221;|||&#8221;][et_pb_blurb title=&#8221;Ko je Zorana?&#8221; url=&#8221;#&#8221; use_icon=&#8221;on&#8221; font_icon=&#8221;&#xe0fc;||divi||400&#8243; icon_placement=&#8221;left&#8221; content_max_width=&#8221;1100px&#8221; _builder_version=&#8221;4.16&#8243; header_font=&#8221;|on|||&#8221; header_text_color=&#8221;#0B799D&#8221; header_line_height=&#8221;1.5em&#8221; body_text_color=&#8221;#8585bd&#8221; body_line_height=&#8221;1.9em&#8221; background_color=&#8221;#ffffff&#8221; custom_margin=&#8221;||||false|false&#8221; custom_padding=&#8221;30px|40px|30px|40px|false|false&#8221; animation_direction=&#8221;bottom&#8221; box_shadow_style=&#8221;preset2&#8243; box_shadow_horizontal=&#8221;0px&#8221; box_shadow_vertical=&#8221;0px&#8221; box_shadow_blur=&#8221;60px&#8221; box_shadow_color=&#8221;rgba(71,74,182,0.12)&#8221; locked=&#8221;off&#8221; global_colors_info=&#8221;{}&#8221;]Zorana Radovi\u0107 je profesor engleskog jezika i osniva\u010d \u0161kole English Lane. <a href=\"https:\/\/englishlane.net\/onlineskola\/o-nama\/\">Saznaj vi\u0161e ovde.<\/a><br \/>\n[\/et_pb_blurb][\/et_pb_column][\/et_pb_row][\/et_pb_section]<\/p>\n","protected":false},"excerpt":{"rendered":"<p>\u017deli\u0161 da bude\u0161 deo na\u0161eg tima? English Lane je specijalizovana onlajn \u0161kola za u\u010denje engleskog jezika sa sedi\u0161tem u Beogradu. English Lane \u0161kola je aktivna zajednica onih koji vole da u\u010de engleski od ku\u0107e. U na\u0161oj onlajn u\u010dionici omogu\u0107avamo na\u0161im polaznicima da nau\u010de jezik uz originalne programe, kurseve, u\u017eivo \u010dasove i radionice kao i podr\u0161ku [&hellip;]<\/p>\n","protected":false},"author":1,"featured_media":59096,"parent":0,"menu_order":0,"comment_status":"closed","ping_status":"closed","template":"","meta":{"_et_pb_use_builder":"on","_et_pb_old_content":"","_et_gb_content_width":"","footnotes":""},"class_list":["post-59312","page","type-page","status-publish","has-post-thumbnail","hentry"],"yoast_head":"<!-- This site is optimized with the Yoast SEO plugin v27.3 - https:\/\/yoast.com\/product\/yoast-seo-wordpress\/ -->\n<title>Postani deo na\u0161eg tima - English Lane Online \u0160kola Engleskog<\/title>\n<meta name=\"robots\" content=\"noindex, nofollow\" \/>\n<meta property=\"og:locale\" content=\"en_US\" \/>\n<meta property=\"og:type\" content=\"article\" \/>\n<meta property=\"og:title\" content=\"Postani deo na\u0161eg tima - English Lane Online \u0160kola Engleskog\" \/>\n<meta property=\"og:description\" content=\"\u017deli\u0161 da bude\u0161 deo na\u0161eg tima? English Lane je specijalizovana onlajn \u0161kola za u\u010denje engleskog jezika sa sedi\u0161tem u Beogradu. English Lane \u0161kola je aktivna zajednica onih koji vole da u\u010de engleski od ku\u0107e. U na\u0161oj onlajn u\u010dionici omogu\u0107avamo na\u0161im polaznicima da nau\u010de jezik uz originalne programe, kurseve, u\u017eivo \u010dasove i radionice kao i podr\u0161ku [&hellip;]\" \/>\n<meta property=\"og:url\" content=\"https:\/\/englishlane.net\/onlineskola\/work-with-us\/\" \/>\n<meta property=\"og:site_name\" content=\"English Lane Online \u0160kola Engleskog\" \/>\n<meta property=\"article:modified_time\" content=\"2022-06-24T12:28:11+00:00\" \/>\n<meta property=\"og:image\" content=\"https:\/\/englishlane.net\/onlineskola\/wp-content\/uploads\/2021\/08\/online-course-image.jpeg\" \/>\n\t<meta property=\"og:image:width\" content=\"1920\" \/>\n\t<meta property=\"og:image:height\" content=\"1080\" \/>\n\t<meta property=\"og:image:type\" content=\"image\/jpeg\" \/>\n<meta name=\"twitter:card\" content=\"summary_large_image\" \/>\n<meta name=\"twitter:label1\" content=\"Est. reading time\" \/>\n\t<meta name=\"twitter:data1\" content=\"7 minutes\" \/>\n<script type=\"application\/ld+json\" class=\"yoast-schema-graph\">{\"@context\":\"https:\\\/\\\/schema.org\",\"@graph\":[{\"@type\":\"WebPage\",\"@id\":\"https:\\\/\\\/englishlane.net\\\/onlineskola\\\/work-with-us\\\/\",\"url\":\"https:\\\/\\\/englishlane.net\\\/onlineskola\\\/work-with-us\\\/\",\"name\":\"Postani deo na\u0161eg tima - English Lane Online \u0160kola Engleskog\",\"isPartOf\":{\"@id\":\"https:\\\/\\\/englishlane.net\\\/onlineskola\\\/#website\"},\"primaryImageOfPage\":{\"@id\":\"https:\\\/\\\/englishlane.net\\\/onlineskola\\\/work-with-us\\\/#primaryimage\"},\"image\":{\"@id\":\"https:\\\/\\\/englishlane.net\\\/onlineskola\\\/work-with-us\\\/#primaryimage\"},\"thumbnailUrl\":\"https:\\\/\\\/englishlane.net\\\/onlineskola\\\/wp-content\\\/uploads\\\/2021\\\/08\\\/online-course-image.jpeg\",\"datePublished\":\"2021-09-20T20:04:30+00:00\",\"dateModified\":\"2022-06-24T12:28:11+00:00\",\"breadcrumb\":{\"@id\":\"https:\\\/\\\/englishlane.net\\\/onlineskola\\\/work-with-us\\\/#breadcrumb\"},\"inLanguage\":\"en-US\",\"potentialAction\":[{\"@type\":\"ReadAction\",\"target\":[\"https:\\\/\\\/englishlane.net\\\/onlineskola\\\/work-with-us\\\/\"]}]},{\"@type\":\"ImageObject\",\"inLanguage\":\"en-US\",\"@id\":\"https:\\\/\\\/englishlane.net\\\/onlineskola\\\/work-with-us\\\/#primaryimage\",\"url\":\"https:\\\/\\\/englishlane.net\\\/onlineskola\\\/wp-content\\\/uploads\\\/2021\\\/08\\\/online-course-image.jpeg\",\"contentUrl\":\"https:\\\/\\\/englishlane.net\\\/onlineskola\\\/wp-content\\\/uploads\\\/2021\\\/08\\\/online-course-image.jpeg\",\"width\":1920,\"height\":1080},{\"@type\":\"BreadcrumbList\",\"@id\":\"https:\\\/\\\/englishlane.net\\\/onlineskola\\\/work-with-us\\\/#breadcrumb\",\"itemListElement\":[{\"@type\":\"ListItem\",\"position\":1,\"name\":\"Home\",\"item\":\"https:\\\/\\\/englishlane.net\\\/onlineskola\\\/\"},{\"@type\":\"ListItem\",\"position\":2,\"name\":\"Postani deo na\u0161eg tima\"}]},{\"@type\":\"WebSite\",\"@id\":\"https:\\\/\\\/englishlane.net\\\/onlineskola\\\/#website\",\"url\":\"https:\\\/\\\/englishlane.net\\\/onlineskola\\\/\",\"name\":\"English Lane Online \u0160kola Engleskog\",\"description\":\"\",\"publisher\":{\"@id\":\"https:\\\/\\\/englishlane.net\\\/onlineskola\\\/#organization\"},\"potentialAction\":[{\"@type\":\"SearchAction\",\"target\":{\"@type\":\"EntryPoint\",\"urlTemplate\":\"https:\\\/\\\/englishlane.net\\\/onlineskola\\\/?s={search_term_string}\"},\"query-input\":{\"@type\":\"PropertyValueSpecification\",\"valueRequired\":true,\"valueName\":\"search_term_string\"}}],\"inLanguage\":\"en-US\"},{\"@type\":\"Organization\",\"@id\":\"https:\\\/\\\/englishlane.net\\\/onlineskola\\\/#organization\",\"name\":\"English Lane \u0160kola\",\"url\":\"https:\\\/\\\/englishlane.net\\\/onlineskola\\\/\",\"logo\":{\"@type\":\"ImageObject\",\"inLanguage\":\"en-US\",\"@id\":\"https:\\\/\\\/englishlane.net\\\/onlineskola\\\/#\\\/schema\\\/logo\\\/image\\\/\",\"url\":\"https:\\\/\\\/englishlane.net\\\/onlineskola\\\/wp-content\\\/uploads\\\/2018\\\/11\\\/w-logo-el-e1542373134345.png\",\"contentUrl\":\"https:\\\/\\\/englishlane.net\\\/onlineskola\\\/wp-content\\\/uploads\\\/2018\\\/11\\\/w-logo-el-e1542373134345.png\",\"width\":360,\"height\":81,\"caption\":\"English Lane \u0160kola\"},\"image\":{\"@id\":\"https:\\\/\\\/englishlane.net\\\/onlineskola\\\/#\\\/schema\\\/logo\\\/image\\\/\"}}]}<\/script>\n<!-- \/ Yoast SEO plugin. -->","yoast_head_json":{"title":"Postani deo na\u0161eg tima - English Lane Online \u0160kola Engleskog","robots":{"index":"noindex","follow":"nofollow"},"og_locale":"en_US","og_type":"article","og_title":"Postani deo na\u0161eg tima - English Lane Online \u0160kola Engleskog","og_description":"\u017deli\u0161 da bude\u0161 deo na\u0161eg tima? English Lane je specijalizovana onlajn \u0161kola za u\u010denje engleskog jezika sa sedi\u0161tem u Beogradu. English Lane \u0161kola je aktivna zajednica onih koji vole da u\u010de engleski od ku\u0107e. U na\u0161oj onlajn u\u010dionici omogu\u0107avamo na\u0161im polaznicima da nau\u010de jezik uz originalne programe, kurseve, u\u017eivo \u010dasove i radionice kao i podr\u0161ku [&hellip;]","og_url":"https:\/\/englishlane.net\/onlineskola\/work-with-us\/","og_site_name":"English Lane Online \u0160kola Engleskog","article_modified_time":"2022-06-24T12:28:11+00:00","og_image":[{"width":1920,"height":1080,"url":"https:\/\/englishlane.net\/onlineskola\/wp-content\/uploads\/2021\/08\/online-course-image.jpeg","type":"image\/jpeg"}],"twitter_card":"summary_large_image","twitter_misc":{"Est. reading time":"7 minutes"},"schema":{"@context":"https:\/\/schema.org","@graph":[{"@type":"WebPage","@id":"https:\/\/englishlane.net\/onlineskola\/work-with-us\/","url":"https:\/\/englishlane.net\/onlineskola\/work-with-us\/","name":"Postani deo na\u0161eg tima - English Lane Online \u0160kola Engleskog","isPartOf":{"@id":"https:\/\/englishlane.net\/onlineskola\/#website"},"primaryImageOfPage":{"@id":"https:\/\/englishlane.net\/onlineskola\/work-with-us\/#primaryimage"},"image":{"@id":"https:\/\/englishlane.net\/onlineskola\/work-with-us\/#primaryimage"},"thumbnailUrl":"https:\/\/englishlane.net\/onlineskola\/wp-content\/uploads\/2021\/08\/online-course-image.jpeg","datePublished":"2021-09-20T20:04:30+00:00","dateModified":"2022-06-24T12:28:11+00:00","breadcrumb":{"@id":"https:\/\/englishlane.net\/onlineskola\/work-with-us\/#breadcrumb"},"inLanguage":"en-US","potentialAction":[{"@type":"ReadAction","target":["https:\/\/englishlane.net\/onlineskola\/work-with-us\/"]}]},{"@type":"ImageObject","inLanguage":"en-US","@id":"https:\/\/englishlane.net\/onlineskola\/work-with-us\/#primaryimage","url":"https:\/\/englishlane.net\/onlineskola\/wp-content\/uploads\/2021\/08\/online-course-image.jpeg","contentUrl":"https:\/\/englishlane.net\/onlineskola\/wp-content\/uploads\/2021\/08\/online-course-image.jpeg","width":1920,"height":1080},{"@type":"BreadcrumbList","@id":"https:\/\/englishlane.net\/onlineskola\/work-with-us\/#breadcrumb","itemListElement":[{"@type":"ListItem","position":1,"name":"Home","item":"https:\/\/englishlane.net\/onlineskola\/"},{"@type":"ListItem","position":2,"name":"Postani deo na\u0161eg tima"}]},{"@type":"WebSite","@id":"https:\/\/englishlane.net\/onlineskola\/#website","url":"https:\/\/englishlane.net\/onlineskola\/","name":"English Lane Online \u0160kola Engleskog","description":"","publisher":{"@id":"https:\/\/englishlane.net\/onlineskola\/#organization"},"potentialAction":[{"@type":"SearchAction","target":{"@type":"EntryPoint","urlTemplate":"https:\/\/englishlane.net\/onlineskola\/?s={search_term_string}"},"query-input":{"@type":"PropertyValueSpecification","valueRequired":true,"valueName":"search_term_string"}}],"inLanguage":"en-US"},{"@type":"Organization","@id":"https:\/\/englishlane.net\/onlineskola\/#organization","name":"English Lane \u0160kola","url":"https:\/\/englishlane.net\/onlineskola\/","logo":{"@type":"ImageObject","inLanguage":"en-US","@id":"https:\/\/englishlane.net\/onlineskola\/#\/schema\/logo\/image\/","url":"https:\/\/englishlane.net\/onlineskola\/wp-content\/uploads\/2018\/11\/w-logo-el-e1542373134345.png","contentUrl":"https:\/\/englishlane.net\/onlineskola\/wp-content\/uploads\/2018\/11\/w-logo-el-e1542373134345.png","width":360,"height":81,"caption":"English Lane \u0160kola"},"image":{"@id":"https:\/\/englishlane.net\/onlineskola\/#\/schema\/logo\/image\/"}}]}},"_links":{"self":[{"href":"https:\/\/englishlane.net\/onlineskola\/wp-json\/wp\/v2\/pages\/59312","targetHints":{"allow":["GET"]}}],"collection":[{"href":"https:\/\/englishlane.net\/onlineskola\/wp-json\/wp\/v2\/pages"}],"about":[{"href":"https:\/\/englishlane.net\/onlineskola\/wp-json\/wp\/v2\/types\/page"}],"author":[{"embeddable":true,"href":"https:\/\/englishlane.net\/onlineskola\/wp-json\/wp\/v2\/users\/1"}],"replies":[{"embeddable":true,"href":"https:\/\/englishlane.net\/onlineskola\/wp-json\/wp\/v2\/comments?post=59312"}],"version-history":[{"count":22,"href":"https:\/\/englishlane.net\/onlineskola\/wp-json\/wp\/v2\/pages\/59312\/revisions"}],"predecessor-version":[{"id":60927,"href":"https:\/\/englishlane.net\/onlineskola\/wp-json\/wp\/v2\/pages\/59312\/revisions\/60927"}],"wp:featuredmedia":[{"embeddable":true,"href":"https:\/\/englishlane.net\/onlineskola\/wp-json\/wp\/v2\/media\/59096"}],"wp:attachment":[{"href":"https:\/\/englishlane.net\/onlineskola\/wp-json\/wp\/v2\/media?parent=59312"}],"curies":[{"name":"wp","href":"https:\/\/api.w.org\/{rel}","templated":true}]}}