{"id":65213,"date":"2023-08-25T12:49:23","date_gmt":"2023-08-25T10:49:23","guid":{"rendered":"https:\/\/englishlane.net\/onlineskola\/?page_id=65213"},"modified":"2023-08-25T13:16:08","modified_gmt":"2023-08-25T11:16:08","slug":"predlog-sp-lp","status":"publish","type":"page","link":"https:\/\/englishlane.net\/onlineskola\/predlog-sp-lp\/","title":{"rendered":"Priklju\u010di se"},"content":{"rendered":"<p>[et_pb_section fb_built=&#8221;1&#8243; _builder_version=&#8221;4.22.0&#8243; _module_preset=&#8221;default&#8221; background_color=&#8221;rgba(0,0,0,0.65)&#8221; background_image=&#8221;https:\/\/englishlane.net\/onlineskola\/wp-content\/uploads\/2019\/05\/jfk_panorama_picture.jpg&#8221; background_blend=&#8221;overlay&#8221; custom_margin=&#8221;0px|0px|0px|0px&#8221; custom_padding=&#8221;0|0px|50px|0px|false|false&#8221; global_colors_info=&#8221;{}&#8221;][et_pb_row column_structure=&#8221;3_5,2_5&#8243; _builder_version=&#8221;4.22.1&#8243; _module_preset=&#8221;default&#8221; custom_padding=&#8221;||0px|||&#8221; locked=&#8221;off&#8221; global_colors_info=&#8221;{}&#8221;][et_pb_column type=&#8221;3_5&#8243; _builder_version=&#8221;4.22.0&#8243; _module_preset=&#8221;default&#8221; global_colors_info=&#8221;{}&#8221;][et_pb_text _builder_version=&#8221;4.22.1&#8243; _module_preset=&#8221;default&#8221; header_font=&#8221;Oswald|||on|||||&#8221; header_text_color=&#8221;#ffffff&#8221; header_font_size=&#8221;50px&#8221; header_line_height=&#8221;1.1em&#8221; width_tablet=&#8221;&#8221; width_phone=&#8221;&#8221; width_last_edited=&#8221;on|desktop&#8221; max_width=&#8221;100%&#8221; max_width_tablet=&#8221;100%&#8221; max_width_phone=&#8221;100%&#8221; max_width_last_edited=&#8221;on|desktop&#8221; module_alignment=&#8221;center&#8221; custom_margin=&#8221;|0px||0px|false|false&#8221; custom_padding=&#8221;|0px||0px|false|false&#8221; header_font_size_tablet=&#8221;26px&#8221; header_font_size_phone=&#8221;30px&#8221; header_font_size_last_edited=&#8221;off|desktop&#8221; global_colors_info=&#8221;{}&#8221;]<\/p>\n<h1 style=\"text-align: left;\">Vrati se u\u010denju engleskog, prona\u0111i sigurnost i napreduj.<\/h1>\n<p>[\/et_pb_text][et_pb_icon font_icon=&#8221;&#x43;||divi||400&#8243; icon_color=&#8221;#f8a037&#8243; url=&#8221;http:\/\/link&#8221; align=&#8221;left&#8221; _builder_version=&#8221;4.22.1&#8243; _module_preset=&#8221;default&#8221; custom_margin=&#8221;0px|0px|0px|0px|false|false&#8221; custom_padding=&#8221;0px|0px|0px|0px|false|false&#8221; global_colors_info=&#8221;{}&#8221;][\/et_pb_icon][\/et_pb_column][et_pb_column type=&#8221;2_5&#8243; _builder_version=&#8221;4.22.0&#8243; _module_preset=&#8221;default&#8221; global_colors_info=&#8221;{}&#8221;][\/et_pb_column][\/et_pb_row][\/et_pb_section][et_pb_section fb_built=&#8221;1&#8243; disabled_on=&#8221;off|off|off&#8221; _builder_version=&#8221;4.22.1&#8243; _module_preset=&#8221;default&#8221; background_color=&#8221;#f7f7f7&#8243; background_enable_image=&#8221;off&#8221; custom_padding=&#8221;50px||50px||true|false&#8221; locked=&#8221;off&#8221; global_colors_info=&#8221;{}&#8221;][et_pb_row _builder_version=&#8221;4.22.1&#8243; _module_preset=&#8221;default&#8221; background_color=&#8221;#FFFFFF&#8221; custom_padding=&#8221;40px|40px|40px|40px|true|true&#8221; border_radii=&#8221;on|10px|10px|10px|10px&#8221; box_shadow_style=&#8221;preset1&#8243; global_colors_info=&#8221;{}&#8221;][et_pb_column type=&#8221;4_4&#8243; _builder_version=&#8221;4.22.0&#8243; _module_preset=&#8221;default&#8221; global_colors_info=&#8221;{}&#8221;][et_pb_text _builder_version=&#8221;4.22.1&#8243; text_font=&#8221;Open Sans||||||||&#8221; text_text_color=&#8221;#3C3642&#8243; header_2_font=&#8221;|600|||||||&#8221; header_2_text_color=&#8221;#3c3642&#8243; header_2_font_size=&#8221;25px&#8221; header_2_line_height=&#8221;1.3em&#8221; custom_margin_tablet=&#8221;|20px||20px||true&#8221; custom_margin_phone=&#8221;|0px||0px&#8221; custom_margin_last_edited=&#8221;on|tablet&#8221; header_2_font_size_tablet=&#8221;25px&#8221; header_2_font_size_phone=&#8221;19px&#8221; header_2_font_size_last_edited=&#8221;on|phone&#8221; locked=&#8221;off&#8221; global_colors_info=&#8221;{}&#8221;]<\/p>\n<h2>To \u0161to si u nekom trenutku odustala od u\u010denja engleskog, ne mora da zna\u010di da je to tvoj neuspeh. Iz mnogo razloga mo\u017eda nije bio dobar trenutak&#8230;<\/h2>\n<h2>Samo zamisli da:<\/h2>\n<p>[\/et_pb_text][et_pb_text _builder_version=&#8221;4.22.1&#8243; text_font=&#8221;Open Sans||||||||&#8221; text_text_color=&#8221;#3C3642&#8243; header_2_font=&#8221;|600|||||||&#8221; header_2_font_size=&#8221;25px&#8221; header_2_line_height=&#8221;1.3em&#8221; custom_margin_tablet=&#8221;|20px||20px||true&#8221; custom_margin_phone=&#8221;|0px||0px&#8221; custom_margin_last_edited=&#8221;on|tablet&#8221; hover_enabled=&#8221;0&#8243; text_font_size_tablet=&#8221;&#8221; text_font_size_phone=&#8221;16px&#8221; text_font_size_last_edited=&#8221;on|phone&#8221; locked=&#8221;off&#8221; global_colors_info=&#8221;{}&#8221; sticky_enabled=&#8221;0&#8243;]<\/p>\n<p><span style=\"font-weight: 400;\"><i class=\"fas fa-check\" style=\"color: #f8a037;\"><\/i> Krene\u0161 sa u\u010denjem na kursu koji je <strong>adekvatan tvom trenutnom znanju<\/strong> (pa makar to bilo i od po\u010detka, ali ovaj put na pravi na\u010din!).<\/span><\/p>\n<p><span style=\"font-weight: 400;\"><i class=\"fas fa-check\" style=\"color: #f8a037;\"><\/i> Uz pomo\u0107 sjajno <em>organizovanog programa<\/em> koji provereno daje rezultate <strong>otkrije\u0161 motivaciju za redovno u\u010denje<\/strong> engleskog.<\/span><\/p>\n<p><span style=\"font-weight: 400;\"><i class=\"fas fa-check\" style=\"color: #f8a037;\"><\/i> <strong>Sve \u0161to u\u010di\u0161 odmah i primeni\u0161<\/strong>, da <em>zaista koristi\u0161 engleski tokom procesa u\u010denja<\/em>, a ne samo da u\u010di\u0161 teoriju i nove lekcije.<\/span><\/p>\n<p><span style=\"font-weight: 400;\"><i class=\"fas fa-check\" style=\"color: #f8a037;\"><\/i> Ima\u0161 puno <em>ve\u017ebanja i zadataka<\/em> uz koje \u0107e\u0161 imati <strong>stvarnu sliku svog napretka<\/strong> i gde \u0107e\u0161 odmah upotrebiti nau\u010deno.<\/span><\/p>\n<p><span style=\"font-weight: 400;\"><i class=\"fas fa-check\" style=\"color: #f8a037;\"><\/i> Ima\u0161 podr\u0161ku profesora, povratnu informaciju za sve poslate zadatke sa detaljima na \u010demu je potrebno da radi\u0161.<\/span><\/p>\n<p><span style=\"font-weight: 400;\"><i class=\"fas fa-check\" style=\"color: #f8a037;\"><\/i> Mo\u017ee\u0161 da u\u010di\u0161 koliko je tebi potrebno i zadr\u017ei\u0161 se na nekim lekcijama dok ih lepo ne savlada\u0161 (i da se vrati\u0161 na zavr\u0161ene lekcije kada obnavlja\u0161).<\/span><\/p>\n<p><span style=\"font-weight: 400;\"><i class=\"fas fa-check\" style=\"color: #f8a037;\"><\/i> <em>Mo\u017ee\u0161 da uklopi\u0161 u\u010denje<\/em> u svoje obaveze i <strong>u\u010di\u0161 u ono vreme kada tebi odgovara od ku\u0107e i bez uklapanja u termine.<\/strong><\/span><\/p>\n<p><span style=\"font-weight: 400;\"><i class=\"fas fa-check\" style=\"color: #f8a037;\"><\/i> <strong>U\u010di\u0161 bez pritisaka<\/strong> drugih i ose\u0107aja da <em>zaostaje\u0161<\/em> za drugima. <\/span><\/p>\n<p>[\/et_pb_text][\/et_pb_column][\/et_pb_row][et_pb_row _builder_version=&#8221;4.22.1&#8243; _module_preset=&#8221;default&#8221; background_color=&#8221;#FFFFFF&#8221; custom_margin=&#8221;50px||||false|false&#8221; custom_padding=&#8221;40px|40px|40px|40px|true|true&#8221; border_radii=&#8221;on|10px|10px|10px|10px&#8221; box_shadow_style=&#8221;preset1&#8243; locked=&#8221;off&#8221; global_colors_info=&#8221;{}&#8221;][et_pb_column type=&#8221;4_4&#8243; _builder_version=&#8221;4.22.0&#8243; _module_preset=&#8221;default&#8221; global_colors_info=&#8221;{}&#8221;][et_pb_text _builder_version=&#8221;4.22.1&#8243; text_font=&#8221;Open Sans||||||||&#8221; text_text_color=&#8221;#3C3642&#8243; header_2_font=&#8221;|600|||||||&#8221; header_2_text_color=&#8221;#3c3642&#8243; header_2_font_size=&#8221;25px&#8221; header_2_line_height=&#8221;1.3em&#8221; header_2_font_size_tablet=&#8221;25px&#8221; header_2_font_size_phone=&#8221;19px&#8221; header_2_font_size_last_edited=&#8221;on|phone&#8221; locked=&#8221;off&#8221; global_colors_info=&#8221;{}&#8221;]<\/p>\n<h2>Zdravo! Ja sam Zorana Radovi\u0107.<\/h2>\n<p>[\/et_pb_text][et_pb_text _builder_version=&#8221;4.22.1&#8243; text_font=&#8221;Open Sans||||||||&#8221; text_text_color=&#8221;#3C3642&#8243; header_2_font=&#8221;|600|||||||&#8221; header_2_font_size=&#8221;25px&#8221; header_2_line_height=&#8221;1.3em&#8221; text_font_size_tablet=&#8221;&#8221; text_font_size_phone=&#8221;16px&#8221; text_font_size_last_edited=&#8221;on|phone&#8221; locked=&#8221;off&#8221; global_colors_info=&#8221;{}&#8221;]<\/p>\n<p>Ako \u017eeli\u0161 da nau\u010di\u0161 engleski, nemoj dozvoliti da te neki <em>prethodni poku\u0161aj u tome spre\u010di<\/em>.<\/p>\n<p>Jer najbitnije je da <strong>prona\u0111e\u0161 na\u010din u\u010denja koji tebi odgovara.<\/strong><\/p>\n<p>Ovo je posebno va\u017eno ako se <em>vra\u0107a\u0161 u\u010denju posle pauze od nekoliko godina<\/em> (pa mo\u017eda i decenija!).<\/p>\n<p>Razmisli samo.<\/p>\n<p><strong>Jedan od razloga za\u0161to nikako da nastavi\u0161 sa u\u010denjem je verovatno to \u0161to ne uspeva\u0161 da prona\u0111e\u0161 adekvatan na\u010din u\u010denja za sebe.<\/strong><\/p>\n<p>U mojoj \u0161koli, <strong>napravila sam program<\/strong> koji je napravljen da ti omogu\u0107i <strong>fleksibilnost<\/strong> u tome <strong>kada u\u010di\u0161<\/strong> i <em>koliko vremena provodi\u0161<\/em> na lekcijama. Za kvalitetno u\u010denje <strong>potrebna ti je jasna struktura, putanja koju \u0107e\u0161 pratiti.<\/strong><\/p>\n<p>I to je ono \u0161to \u0107e ti omogu\u0107iti da <strong>nastavi\u0161 sa u\u010denjem engleskog<\/strong>, <em>savlada\u0161 osnove koje te ko\u010de i napreduje\u0161 dalje.<\/em><\/p>\n<p>Na kursevima \u0107e\u0161 <strong>u\u010diti engleski sa razumevanjem<\/strong> i stalno \u0107e\u0161 raditi <em>prakti\u010dne zadatke<\/em> koji \u0107e ti omogu\u0107iti da odmah upotrebi\u0161 nau\u010deno. Zadatke \u0161alje\u0161 na pregledanje i dobija\u0161 <strong>povratnu informaciju profesora.<\/strong><\/p>\n<p>Imam vi\u0161e od 14 godina iskustva i do sada sam imala priliku da radim sa hiljadama polaznica, od kojih su mnoge bile u situaciji kao i ti.<\/p>\n<p>Pogledaj \u0161ta mi je jedna od njih napisala pre upisa:<\/p>\n<blockquote>\n<p>&#8220;U\u010dila sam engleski u \u0161koli i lepo sam napredovala. Na\u017ealost, nakon toga, izgubila sam kontakt sa engleskim i polako po\u010dela da zaboravljam i ono \u0161to sam znala.&#8221;<\/p>\n<\/blockquote>\n<p>To je na\u017ealost realnost mnogih koji su u\u010dili engleski i onda napravili preveliku pauzu, ali postoji re\u0161enje.<\/p>\n<p>Kada se upi\u0161e\u0161 u moju \u0161kolu, ima\u0107e\u0161 mogu\u0107nost da se <strong>vrati\u0161 u\u010denju engleskog<\/strong>, <em>savlada\u0161 osnove<\/em> i <span style=\"text-decoration: underline;\">stekne\u0161 naviku da u\u010di\u0161 redovno.<\/span><\/p>\n<p><strong>Ta redovnost i motivacija koju \u0107e\u0161 otkriti \u0107e ti pomo\u0107i da dugoro\u010dno ostvari\u0161 sjajne rezultate, kao i druge polaznice koje u\u010de u mojoj \u0161koli.<\/strong><\/p>\n<p>[\/et_pb_text][\/et_pb_column][\/et_pb_row][et_pb_row _builder_version=&#8221;4.22.1&#8243; _module_preset=&#8221;default&#8221; background_color=&#8221;#4b4f76&#8243; custom_margin=&#8221;50px||||false|false&#8221; custom_padding=&#8221;40px|40px|40px|40px|true|true&#8221; border_radii=&#8221;on|10px|10px|10px|10px&#8221; box_shadow_style=&#8221;preset1&#8243; locked=&#8221;off&#8221; global_colors_info=&#8221;{}&#8221;][et_pb_column type=&#8221;4_4&#8243; _builder_version=&#8221;4.22.0&#8243; _module_preset=&#8221;default&#8221; global_colors_info=&#8221;{}&#8221;][et_pb_text _builder_version=&#8221;4.22.1&#8243; _module_preset=&#8221;default&#8221; text_font=&#8221;Open Sans||||||||&#8221; text_text_color=&#8221;#3C3642&#8243; header_2_font=&#8221;|800|||||||&#8221; header_2_text_color=&#8221;#FFFFFF&#8221; header_2_font_size=&#8221;25px&#8221; header_2_line_height=&#8221;1.3em&#8221; header_2_font_size_tablet=&#8221;25px&#8221; header_2_font_size_phone=&#8221;19px&#8221; header_2_font_size_last_edited=&#8221;on|phone&#8221; global_colors_info=&#8221;{}&#8221;]<\/p>\n<h2 style=\"text-align: center;\">Klikni na dugme ispod da sazna\u0161 vi\u0161e o \u0161koli.<\/h2>\n<p>[\/et_pb_text][et_pb_button button_url=&#8221;https:\/\/englishlane.net\/onlineskola\/&#8221; button_text=&#8221;Reci mi vi\u0161e o English Lane \u0161koli&#8221; button_alignment=&#8221;center&#8221; _builder_version=&#8221;4.22.1&#8243; custom_button=&#8221;on&#8221; button_text_size=&#8221;20px&#8221; button_text_color=&#8221;#ffffff&#8221; button_bg_color=&#8221;#fca43f&#8221; button_border_width=&#8221;0px&#8221; button_letter_spacing=&#8221;2px&#8221; button_font=&#8221;Lato|900||on|||||&#8221; button_icon=&#8221;&#x24;||divi||400&#8243; button_on_hover=&#8221;off&#8221; custom_margin=&#8221;|||&#8221; custom_padding=&#8221;|40px||40px||true&#8221; button_text_size_tablet=&#8221;20px&#8221; button_text_size_phone=&#8221;16px&#8221; button_text_size_last_edited=&#8221;on|phone&#8221; locked=&#8221;off&#8221; global_colors_info=&#8221;{}&#8221; button_text_size__hover_enabled=&#8221;off&#8221; button_text_color__hover_enabled=&#8221;off&#8221; button_bg_color__hover_enabled=&#8221;off&#8221; button_border_width__hover_enabled=&#8221;off&#8221; button_border_color__hover_enabled=&#8221;off&#8221; button_border_radius__hover_enabled=&#8221;off&#8221; button_letter_spacing__hover_enabled=&#8221;off&#8221;][\/et_pb_button][\/et_pb_column][\/et_pb_row][\/et_pb_section]<\/p>\n","protected":false},"excerpt":{"rendered":"<p>Vrati se u\u010denju engleskog, prona\u0111i sigurnost i napreduj.To \u0161to si u nekom trenutku odustala od u\u010denja engleskog, ne mora da zna\u010di da je to tvoj neuspeh. Iz mnogo razloga mo\u017eda nije bio dobar trenutak&#8230; Samo zamisli da: Krene\u0161 sa u\u010denjem na kursu koji je adekvatan tvom trenutnom znanju (pa makar to bilo i od po\u010detka, [&hellip;]<\/p>\n","protected":false},"author":1,"featured_media":0,"parent":0,"menu_order":0,"comment_status":"closed","ping_status":"closed","template":"","meta":{"_et_pb_use_builder":"on","_et_pb_old_content":"","_et_gb_content_width":"","footnotes":""},"class_list":["post-65213","page","type-page","status-publish","hentry"],"yoast_head":"<!-- This site is optimized with the Yoast SEO plugin v27.3 - https:\/\/yoast.com\/product\/yoast-seo-wordpress\/ -->\n<title>Priklju\u010di se - English Lane Online \u0160kola Engleskog<\/title>\n<meta name=\"robots\" content=\"noindex, nofollow\" \/>\n<meta property=\"og:locale\" content=\"en_US\" \/>\n<meta property=\"og:type\" content=\"article\" \/>\n<meta property=\"og:title\" content=\"Priklju\u010di se - English Lane Online \u0160kola Engleskog\" \/>\n<meta property=\"og:description\" content=\"Vrati se u\u010denju engleskog, prona\u0111i sigurnost i napreduj.To \u0161to si u nekom trenutku odustala od u\u010denja engleskog, ne mora da zna\u010di da je to tvoj neuspeh. Iz mnogo razloga mo\u017eda nije bio dobar trenutak... Samo zamisli da: Krene\u0161 sa u\u010denjem na kursu koji je adekvatan tvom trenutnom znanju (pa makar to bilo i od po\u010detka, [&hellip;]\" \/>\n<meta property=\"og:url\" content=\"https:\/\/englishlane.net\/onlineskola\/predlog-sp-lp\/\" \/>\n<meta property=\"og:site_name\" content=\"English Lane Online \u0160kola Engleskog\" \/>\n<meta property=\"article:modified_time\" content=\"2023-08-25T11:16:08+00:00\" \/>\n<meta name=\"twitter:card\" content=\"summary_large_image\" \/>\n<meta name=\"twitter:label1\" content=\"Est. reading time\" \/>\n\t<meta name=\"twitter:data1\" content=\"3 minutes\" \/>\n<script type=\"application\/ld+json\" class=\"yoast-schema-graph\">{\"@context\":\"https:\\\/\\\/schema.org\",\"@graph\":[{\"@type\":\"WebPage\",\"@id\":\"https:\\\/\\\/englishlane.net\\\/onlineskola\\\/predlog-sp-lp\\\/\",\"url\":\"https:\\\/\\\/englishlane.net\\\/onlineskola\\\/predlog-sp-lp\\\/\",\"name\":\"Priklju\u010di se - English Lane Online \u0160kola Engleskog\",\"isPartOf\":{\"@id\":\"https:\\\/\\\/englishlane.net\\\/onlineskola\\\/#website\"},\"datePublished\":\"2023-08-25T10:49:23+00:00\",\"dateModified\":\"2023-08-25T11:16:08+00:00\",\"breadcrumb\":{\"@id\":\"https:\\\/\\\/englishlane.net\\\/onlineskola\\\/predlog-sp-lp\\\/#breadcrumb\"},\"inLanguage\":\"en-US\",\"potentialAction\":[{\"@type\":\"ReadAction\",\"target\":[\"https:\\\/\\\/englishlane.net\\\/onlineskola\\\/predlog-sp-lp\\\/\"]}]},{\"@type\":\"BreadcrumbList\",\"@id\":\"https:\\\/\\\/englishlane.net\\\/onlineskola\\\/predlog-sp-lp\\\/#breadcrumb\",\"itemListElement\":[{\"@type\":\"ListItem\",\"position\":1,\"name\":\"Home\",\"item\":\"https:\\\/\\\/englishlane.net\\\/onlineskola\\\/\"},{\"@type\":\"ListItem\",\"position\":2,\"name\":\"Priklju\u010di se\"}]},{\"@type\":\"WebSite\",\"@id\":\"https:\\\/\\\/englishlane.net\\\/onlineskola\\\/#website\",\"url\":\"https:\\\/\\\/englishlane.net\\\/onlineskola\\\/\",\"name\":\"English Lane Online \u0160kola Engleskog\",\"description\":\"\",\"publisher\":{\"@id\":\"https:\\\/\\\/englishlane.net\\\/onlineskola\\\/#organization\"},\"potentialAction\":[{\"@type\":\"SearchAction\",\"target\":{\"@type\":\"EntryPoint\",\"urlTemplate\":\"https:\\\/\\\/englishlane.net\\\/onlineskola\\\/?s={search_term_string}\"},\"query-input\":{\"@type\":\"PropertyValueSpecification\",\"valueRequired\":true,\"valueName\":\"search_term_string\"}}],\"inLanguage\":\"en-US\"},{\"@type\":\"Organization\",\"@id\":\"https:\\\/\\\/englishlane.net\\\/onlineskola\\\/#organization\",\"name\":\"English Lane \u0160kola\",\"url\":\"https:\\\/\\\/englishlane.net\\\/onlineskola\\\/\",\"logo\":{\"@type\":\"ImageObject\",\"inLanguage\":\"en-US\",\"@id\":\"https:\\\/\\\/englishlane.net\\\/onlineskola\\\/#\\\/schema\\\/logo\\\/image\\\/\",\"url\":\"https:\\\/\\\/englishlane.net\\\/onlineskola\\\/wp-content\\\/uploads\\\/2018\\\/11\\\/w-logo-el-e1542373134345.png\",\"contentUrl\":\"https:\\\/\\\/englishlane.net\\\/onlineskola\\\/wp-content\\\/uploads\\\/2018\\\/11\\\/w-logo-el-e1542373134345.png\",\"width\":360,\"height\":81,\"caption\":\"English Lane \u0160kola\"},\"image\":{\"@id\":\"https:\\\/\\\/englishlane.net\\\/onlineskola\\\/#\\\/schema\\\/logo\\\/image\\\/\"}}]}<\/script>\n<!-- \/ Yoast SEO plugin. -->","yoast_head_json":{"title":"Priklju\u010di se - English Lane Online \u0160kola Engleskog","robots":{"index":"noindex","follow":"nofollow"},"og_locale":"en_US","og_type":"article","og_title":"Priklju\u010di se - English Lane Online \u0160kola Engleskog","og_description":"Vrati se u\u010denju engleskog, prona\u0111i sigurnost i napreduj.To \u0161to si u nekom trenutku odustala od u\u010denja engleskog, ne mora da zna\u010di da je to tvoj neuspeh. Iz mnogo razloga mo\u017eda nije bio dobar trenutak... Samo zamisli da: Krene\u0161 sa u\u010denjem na kursu koji je adekvatan tvom trenutnom znanju (pa makar to bilo i od po\u010detka, [&hellip;]","og_url":"https:\/\/englishlane.net\/onlineskola\/predlog-sp-lp\/","og_site_name":"English Lane Online \u0160kola Engleskog","article_modified_time":"2023-08-25T11:16:08+00:00","twitter_card":"summary_large_image","twitter_misc":{"Est. reading time":"3 minutes"},"schema":{"@context":"https:\/\/schema.org","@graph":[{"@type":"WebPage","@id":"https:\/\/englishlane.net\/onlineskola\/predlog-sp-lp\/","url":"https:\/\/englishlane.net\/onlineskola\/predlog-sp-lp\/","name":"Priklju\u010di se - English Lane Online \u0160kola Engleskog","isPartOf":{"@id":"https:\/\/englishlane.net\/onlineskola\/#website"},"datePublished":"2023-08-25T10:49:23+00:00","dateModified":"2023-08-25T11:16:08+00:00","breadcrumb":{"@id":"https:\/\/englishlane.net\/onlineskola\/predlog-sp-lp\/#breadcrumb"},"inLanguage":"en-US","potentialAction":[{"@type":"ReadAction","target":["https:\/\/englishlane.net\/onlineskola\/predlog-sp-lp\/"]}]},{"@type":"BreadcrumbList","@id":"https:\/\/englishlane.net\/onlineskola\/predlog-sp-lp\/#breadcrumb","itemListElement":[{"@type":"ListItem","position":1,"name":"Home","item":"https:\/\/englishlane.net\/onlineskola\/"},{"@type":"ListItem","position":2,"name":"Priklju\u010di se"}]},{"@type":"WebSite","@id":"https:\/\/englishlane.net\/onlineskola\/#website","url":"https:\/\/englishlane.net\/onlineskola\/","name":"English Lane Online \u0160kola Engleskog","description":"","publisher":{"@id":"https:\/\/englishlane.net\/onlineskola\/#organization"},"potentialAction":[{"@type":"SearchAction","target":{"@type":"EntryPoint","urlTemplate":"https:\/\/englishlane.net\/onlineskola\/?s={search_term_string}"},"query-input":{"@type":"PropertyValueSpecification","valueRequired":true,"valueName":"search_term_string"}}],"inLanguage":"en-US"},{"@type":"Organization","@id":"https:\/\/englishlane.net\/onlineskola\/#organization","name":"English Lane \u0160kola","url":"https:\/\/englishlane.net\/onlineskola\/","logo":{"@type":"ImageObject","inLanguage":"en-US","@id":"https:\/\/englishlane.net\/onlineskola\/#\/schema\/logo\/image\/","url":"https:\/\/englishlane.net\/onlineskola\/wp-content\/uploads\/2018\/11\/w-logo-el-e1542373134345.png","contentUrl":"https:\/\/englishlane.net\/onlineskola\/wp-content\/uploads\/2018\/11\/w-logo-el-e1542373134345.png","width":360,"height":81,"caption":"English Lane \u0160kola"},"image":{"@id":"https:\/\/englishlane.net\/onlineskola\/#\/schema\/logo\/image\/"}}]}},"_links":{"self":[{"href":"https:\/\/englishlane.net\/onlineskola\/wp-json\/wp\/v2\/pages\/65213","targetHints":{"allow":["GET"]}}],"collection":[{"href":"https:\/\/englishlane.net\/onlineskola\/wp-json\/wp\/v2\/pages"}],"about":[{"href":"https:\/\/englishlane.net\/onlineskola\/wp-json\/wp\/v2\/types\/page"}],"author":[{"embeddable":true,"href":"https:\/\/englishlane.net\/onlineskola\/wp-json\/wp\/v2\/users\/1"}],"replies":[{"embeddable":true,"href":"https:\/\/englishlane.net\/onlineskola\/wp-json\/wp\/v2\/comments?post=65213"}],"version-history":[{"count":13,"href":"https:\/\/englishlane.net\/onlineskola\/wp-json\/wp\/v2\/pages\/65213\/revisions"}],"predecessor-version":[{"id":65352,"href":"https:\/\/englishlane.net\/onlineskola\/wp-json\/wp\/v2\/pages\/65213\/revisions\/65352"}],"wp:attachment":[{"href":"https:\/\/englishlane.net\/onlineskola\/wp-json\/wp\/v2\/media?parent=65213"}],"curies":[{"name":"wp","href":"https:\/\/api.w.org\/{rel}","templated":true}]}}